Last updated on 2024-05-01 16:53:01 CEST.
Flavor | Version | Tinstall | Tcheck | Ttotal | Status | Flags |
---|---|---|---|---|---|---|
r-devel-linux-x86_64-debian-clang | 0.5 | 5.31 | 42.02 | 47.33 | OK | |
r-devel-linux-x86_64-debian-gcc | 0.5 | 3.35 | 31.45 | 34.80 | OK | |
r-devel-linux-x86_64-fedora-clang | 0.5 | 60.77 | NOTE | |||
r-devel-linux-x86_64-fedora-gcc | 0.5 | 68.79 | OK | |||
r-devel-windows-x86_64 | 0.5 | 6.00 | 54.00 | 60.00 | OK | |
r-patched-linux-x86_64 | 0.5 | 5.37 | 41.35 | 46.72 | OK | |
r-release-linux-x86_64 | 0.5 | 3.61 | 40.90 | 44.51 | OK | |
r-release-macos-arm64 | 0.5 | 26.00 | OK | |||
r-release-windows-x86_64 | 0.5 | 6.00 | 53.00 | 59.00 | OK | |
r-oldrel-macos-arm64 | 0.5 | 29.00 | OK | |||
r-oldrel-macos-x86_64 | 0.5 | 76.00 | OK | |||
r-oldrel-windows-x86_64 | 0.5 | 6.00 | 54.00 | 60.00 | OK |
Version: 0.5
Check: Rd cross-references
Result: NOTE
Undeclared package ‘rms’ in Rd xrefs
Flavor: r-devel-linux-x86_64-fedora-clang