Last updated on 2025-01-19 05:49:14 CET.
Flavor | Version | Tinstall | Tcheck | Ttotal | Status | Flags |
---|---|---|---|---|---|---|
r-devel-linux-x86_64-debian-clang | 1.9 | 9.05 | 95.76 | 104.81 | OK | |
r-devel-linux-x86_64-debian-gcc | 1.9 | 5.60 | 64.01 | 69.61 | OK | |
r-devel-linux-x86_64-fedora-clang | 1.9 | 176.85 | OK | |||
r-devel-linux-x86_64-fedora-gcc | 1.9 | 186.60 | OK | |||
r-devel-windows-x86_64 | 1.9 | 11.00 | 114.00 | 125.00 | OK | |
r-patched-linux-x86_64 | 1.9 | 11.76 | 86.68 | 98.44 | OK | |
r-release-linux-x86_64 | 1.9 | 9.82 | 86.90 | 96.72 | OK | |
r-release-macos-arm64 | 1.9 | 44.00 | OK | |||
r-release-macos-x86_64 | 1.9 | 79.00 | OK | |||
r-release-windows-x86_64 | 1.9 | 11.00 | 112.00 | 123.00 | OK | |
r-oldrel-macos-arm64 | 1.9 | 51.00 | OK | |||
r-oldrel-macos-x86_64 | 1.9 | 88.00 | NOTE | |||
r-oldrel-windows-x86_64 | 1.9 | 13.00 | 131.00 | 144.00 | OK |
Version: 1.9
Check: Rd cross-references
Result: NOTE
Package unavailable to check Rd xrefs: ‘genefilter’
Flavor: r-oldrel-macos-x86_64