Last updated on 2025-01-19 05:49:14 CET.
Flavor | Version | Tinstall | Tcheck | Ttotal | Status | Flags |
---|---|---|---|---|---|---|
r-devel-linux-x86_64-debian-clang | 1.0.1 | 7.22 | 85.04 | 92.26 | OK | |
r-devel-linux-x86_64-debian-gcc | 1.0.1 | 4.67 | 62.19 | 66.86 | OK | |
r-devel-linux-x86_64-fedora-clang | 1.0.1 | 148.95 | NOTE | |||
r-devel-linux-x86_64-fedora-gcc | 1.0.1 | 158.54 | NOTE | |||
r-devel-windows-x86_64 | 1.0.1 | 9.00 | 105.00 | 114.00 | OK | |
r-patched-linux-x86_64 | 1.0.1 | 6.95 | 83.81 | 90.76 | OK | |
r-release-linux-x86_64 | 1.0.1 | 6.10 | 82.73 | 88.83 | OK | |
r-release-macos-arm64 | 1.0.1 | 69.00 | OK | |||
r-release-macos-x86_64 | 1.0.1 | 96.00 | OK | |||
r-release-windows-x86_64 | 1.0.1 | 9.00 | 103.00 | 112.00 | OK | |
r-oldrel-macos-arm64 | 1.0.1 | 63.00 | OK | |||
r-oldrel-macos-x86_64 | 1.0.1 | 91.00 | OK | |||
r-oldrel-windows-x86_64 | 1.0.1 | 13.00 | 123.00 | 136.00 | OK |
Version: 1.0.1
Check: dependencies in R code
Result: NOTE
Namespace in Imports field not imported from: ‘nlme’
All declared Imports should be used.
Flavors: r-devel-linux-x86_64-fedora-clang, r-devel-linux-x86_64-fedora-gcc