CRAN Package Check Results for Package MLML2R

Last updated on 2020-06-03 12:49:13 CEST.

Flavor Version Tinstall Tcheck Ttotal Status Flags
r-devel-linux-x86_64-debian-clang 0.3.3 2.55 26.70 29.25 OK
r-devel-linux-x86_64-debian-gcc 0.3.3 1.82 21.01 22.83 OK
r-devel-linux-x86_64-fedora-clang 0.3.3 41.96 OK
r-devel-linux-x86_64-fedora-gcc 0.3.3 36.21 OK
r-devel-windows-ix86+x86_64 0.3.3 9.00 41.00 50.00 OK
r-patched-linux-x86_64 0.3.3 2.25 26.51 28.76 OK
r-patched-solaris-x86 0.3.3 52.20 NOTE
r-release-linux-x86_64 0.3.3 2.21 26.49 28.70 OK
r-release-osx-x86_64 0.3.3 OK
r-release-windows-ix86+x86_64 0.3.3 7.00 46.00 53.00 OK
r-oldrel-osx-x86_64 0.3.3 NOTE
r-oldrel-windows-ix86+x86_64 0.3.3 8.00 42.00 50.00 OK

Check Details

Version: 0.3.3
Check: package dependencies
Result: NOTE
    Packages suggested but not available for checking:
     'minfi', 'IlluminaHumanMethylation450kmanifest'
Flavor: r-patched-solaris-x86

Version: 0.3.3
Check: package dependencies
Result: NOTE
    Package suggested but not available for checking: ‘IlluminaHumanMethylation450kmanifest’
Flavor: r-oldrel-osx-x86_64