CRAN Package Check Results for Package MMGFM

Last updated on 2025-01-19 05:49:14 CET.

Flavor Version Tinstall Tcheck Ttotal Status Flags
r-devel-linux-x86_64-debian-clang 1.1.0 38.84 60.05 98.89 OK
r-devel-linux-x86_64-debian-gcc 1.1.0 29.99 45.93 75.92 OK
r-devel-linux-x86_64-fedora-clang 1.1.0 162.13 NOTE
r-devel-linux-x86_64-fedora-gcc 1.1.0 176.95 NOTE
r-devel-windows-x86_64 1.1.0 43.00 90.00 133.00 OK
r-patched-linux-x86_64 1.1.0 45.86 57.03 102.89 OK
r-release-linux-x86_64 1.1.0 41.38 56.19 97.57 OK
r-release-macos-arm64 1.1.0 45.00 OK
r-release-macos-x86_64 1.1.0 64.00 OK
r-release-windows-x86_64 1.1.0 41.00 90.00 131.00 OK
r-oldrel-macos-arm64 1.1.0 48.00 OK
r-oldrel-macos-x86_64 1.1.0 91.00 OK
r-oldrel-windows-x86_64 1.1.0 50.00 107.00 157.00 OK

Check Details

Version: 1.1.0
Check: dependencies in R code
Result: NOTE Namespace in Imports field not imported from: ‘GFM’ All declared Imports should be used. Flavors: r-devel-linux-x86_64-fedora-clang, r-devel-linux-x86_64-fedora-gcc