CRAN Package Check Results for Package MMLR

Last updated on 2019-10-14 12:48:00 CEST.

Flavor Version Tinstall Tcheck Ttotal Status Flags
r-devel-linux-x86_64-debian-clang 0.1.0 1.90 16.24 18.14 OK
r-devel-linux-x86_64-debian-gcc 0.1.0 1.70 13.22 14.92 OK
r-devel-linux-x86_64-fedora-clang 0.1.0 23.89 NOTE
r-devel-linux-x86_64-fedora-gcc 0.1.0 22.25 NOTE
r-devel-windows-ix86+x86_64 0.1.0 6.00 49.00 55.00 OK
r-patched-linux-x86_64 0.1.0 1.66 15.92 17.58 OK
r-patched-solaris-x86 0.1.0 37.30 NOTE
r-release-linux-x86_64 0.1.0 1.61 16.05 17.66 OK
r-release-windows-ix86+x86_64 0.1.0 9.00 32.00 41.00 OK
r-release-osx-x86_64 0.1.0 NOTE
r-oldrel-windows-ix86+x86_64 0.1.0 3.00 27.00 30.00 OK
r-oldrel-osx-x86_64 0.1.0 NOTE

Check Details

Version: 0.1.0
Check: dependencies in R code
Result: NOTE
    Namespace in Imports field not imported from: ‘matlib’
     All declared Imports should be used.
Flavors: r-devel-linux-x86_64-fedora-clang, r-devel-linux-x86_64-fedora-gcc, r-patched-solaris-x86, r-release-osx-x86_64, r-oldrel-osx-x86_64