CRAN Package Check Results for Package MMVBVS

Last updated on 2025-01-19 05:49:14 CET.

Flavor Version Tinstall Tcheck Ttotal Status Flags
r-devel-linux-x86_64-debian-clang 0.8.0 31.38 45.56 76.94 OK
r-devel-linux-x86_64-debian-gcc 0.8.0 23.81 31.95 55.76 OK
r-devel-linux-x86_64-fedora-clang 0.8.0 138.36 OK
r-devel-linux-x86_64-fedora-gcc 0.8.0 138.01 OK
r-devel-windows-x86_64 0.8.0 36.00 77.00 113.00 OK
r-patched-linux-x86_64 0.8.0 34.28 40.18 74.46 NOTE
r-release-linux-x86_64 0.8.0 35.21 39.64 74.85 NOTE
r-release-macos-arm64 0.8.0 33.00 NOTE
r-release-macos-x86_64 0.8.0 54.00 NOTE
r-release-windows-x86_64 0.8.0 36.00 77.00 113.00 NOTE
r-oldrel-macos-arm64 0.8.0 44.00 NOTE
r-oldrel-macos-x86_64 0.8.0 58.00 NOTE
r-oldrel-windows-x86_64 0.8.0 41.00 90.00 131.00 NOTE

Check Details

Version: 0.8.0
Check: LazyData
Result: NOTE 'LazyData' is specified without a 'data' directory Flavors: r-patched-linux-x86_64, r-release-linux-x86_64, r-release-macos-arm64, r-release-macos-x86_64, r-release-windows-x86_64, r-oldrel-macos-arm64, r-oldrel-macos-x86_64, r-oldrel-windows-x86_64