Last updated on 2025-01-19 05:49:14 CET.
Flavor | Version | Tinstall | Tcheck | Ttotal | Status | Flags |
---|---|---|---|---|---|---|
r-devel-linux-x86_64-debian-clang | 0.0.8 | 2.26 | 37.56 | 39.82 | NOTE | |
r-devel-linux-x86_64-debian-gcc | 0.0.8 | 1.66 | 28.32 | 29.98 | NOTE | |
r-devel-linux-x86_64-fedora-clang | 0.0.8 | 65.44 | OK | |||
r-devel-linux-x86_64-fedora-gcc | 0.0.8 | 76.97 | OK | |||
r-devel-windows-x86_64 | 0.0.8 | 6.00 | 61.00 | 67.00 | NOTE | |
r-patched-linux-x86_64 | 0.0.8 | 1.98 | 35.84 | 37.82 | OK | |
r-release-linux-x86_64 | 0.0.8 | 2.13 | 35.42 | 37.55 | OK | |
r-release-macos-arm64 | 0.0.8 | 28.00 | OK | |||
r-release-macos-x86_64 | 0.0.8 | 63.00 | OK | |||
r-release-windows-x86_64 | 0.0.8 | 3.00 | 61.00 | 64.00 | OK | |
r-oldrel-macos-arm64 | 0.0.8 | 26.00 | OK | |||
r-oldrel-macos-x86_64 | 0.0.8 | 44.00 | OK | |||
r-oldrel-windows-x86_64 | 0.0.8 | 5.00 | 63.00 | 68.00 | OK |
Version: 0.0.8
Check: Rd cross-references
Result: NOTE
Found the following Rd file(s) with Rd \link{} targets missing package
anchors:
mnl_fd2_ova.Rd: multinom, nnet
mnl_fd_ova.Rd: multinom, nnet
mnl_pred_ova.Rd: multinom, nnet
Please provide package anchors for all Rd \link{} targets not in the
package itself and the base packages.
Flavors: r-devel-linux-x86_64-debian-clang, r-devel-linux-x86_64-debian-gcc, r-devel-windows-x86_64