CRAN Package Check Results for Package MODIStsp

Last updated on 2020-10-28 11:49:52 CET.

Flavor Version Tinstall Tcheck Ttotal Status Flags
r-devel-linux-x86_64-debian-clang 2.0.4 14.21 133.92 148.13 ERROR
r-devel-linux-x86_64-debian-gcc 2.0.4 11.05 99.69 110.74 ERROR
r-devel-linux-x86_64-fedora-clang 2.0.4 184.68 OK
r-devel-linux-x86_64-fedora-gcc 2.0.4 185.15 OK
r-devel-windows-ix86+x86_64 2.0.4 34.00 153.00 187.00 OK
r-patched-linux-x86_64 2.0.4 ERROR
r-patched-solaris-x86 2.0.4 250.20 OK
r-release-linux-x86_64 2.0.4 12.01 124.90 136.91 ERROR
r-release-macos-x86_64 2.0.4 OK
r-release-windows-ix86+x86_64 2.0.4 24.00 120.00 144.00 OK
r-oldrel-macos-x86_64 2.0.4 OK
r-oldrel-windows-ix86+x86_64 2.0.4 28.00 144.00 172.00 OK

Check Details

Version: 2.0.4
Check: examples
Result: ERROR
    Running examples in 'MODIStsp-Ex.R' failed
    The error most likely occurred in:
    
    > base::assign(".ptime", proc.time(), pos = "CheckExEnv")
    > ### Name: MODIStsp_get_prodlayers
    > ### Title: Retrieve the names of MODIS layers for a product
    > ### Aliases: MODIStsp_get_prodlayers
    >
    > ### ** Examples
    >
    >
    > # Get layers of product M*13Q1 based on code
    > MODIStsp_get_prodlayers("M*13Q1")
    Reading the MODIS products' characteristics from XML. Please wait!
    Warning in gzfile(file, "wb") :
     cannot open compressed file '/home/hornik/tmp/R.check/r-devel-clang/Work/build/Packages/MODIStsp/ExtData/MODIStsp_ProdOpts.RData', probable reason 'Read-only file system'
    Error in gzfile(file, "wb") : cannot open the connection
    Calls: MODIStsp_get_prodlayers ... load_prodopts -> MODIStsp_read_xml -> save -> gzfile
    Execution halted
Flavor: r-devel-linux-x86_64-debian-clang

Version: 2.0.4
Check: examples
Result: ERROR
    Running examples in ‘MODIStsp-Ex.R’ failed
    The error most likely occurred in:
    
    > base::assign(".ptime", proc.time(), pos = "CheckExEnv")
    > ### Name: MODIStsp_get_prodlayers
    > ### Title: Retrieve the names of MODIS layers for a product
    > ### Aliases: MODIStsp_get_prodlayers
    >
    > ### ** Examples
    >
    >
    > # Get layers of product M*13Q1 based on code
    > MODIStsp_get_prodlayers("M*13Q1")
    Reading the MODIS products' characteristics from XML. Please wait!
    Warning in gzfile(file, "wb") :
     cannot open compressed file '/home/hornik/tmp/R.check/r-devel-gcc/Work/build/Packages/MODIStsp/ExtData/MODIStsp_ProdOpts.RData', probable reason 'Read-only file system'
    Error in gzfile(file, "wb") : cannot open the connection
    Calls: MODIStsp_get_prodlayers ... load_prodopts -> MODIStsp_read_xml -> save -> gzfile
    Execution halted
Flavor: r-devel-linux-x86_64-debian-gcc

Version: 2.0.4
Check: package dependencies
Result: ERROR
    Package required but not available: ‘geojsonio’
    
    Package suggested but not available for checking: ‘geojsonlint’
    
    See section ‘The DESCRIPTION file’ in the ‘Writing R Extensions’
    manual.
Flavor: r-patched-linux-x86_64

Version: 2.0.4
Check: examples
Result: ERROR
    Running examples in ‘MODIStsp-Ex.R’ failed
    The error most likely occurred in:
    
    > base::assign(".ptime", proc.time(), pos = "CheckExEnv")
    > ### Name: MODIStsp_get_prodlayers
    > ### Title: Retrieve the names of MODIS layers for a product
    > ### Aliases: MODIStsp_get_prodlayers
    >
    > ### ** Examples
    >
    >
    > # Get layers of product M*13Q1 based on code
    > MODIStsp_get_prodlayers("M*13Q1")
    Reading the MODIS products' characteristics from XML. Please wait!
    Warning in gzfile(file, "wb") :
     cannot open compressed file '/home/hornik/tmp/R.check/r-release-gcc/Work/build/Packages/MODIStsp/ExtData/MODIStsp_ProdOpts.RData', probable reason 'Read-only file system'
    Error in gzfile(file, "wb") : cannot open the connection
    Calls: MODIStsp_get_prodlayers ... load_prodopts -> MODIStsp_read_xml -> save -> gzfile
    Execution halted
Flavor: r-release-linux-x86_64