CRAN Package Check Results for Package MSPRT

Last updated on 2025-01-19 05:49:15 CET.

Flavor Version Tinstall Tcheck Ttotal Status Flags
r-devel-linux-x86_64-debian-clang 3.0 31.76 116.86 148.62 OK
r-devel-linux-x86_64-debian-gcc 3.0 18.29 70.62 88.91 OK
r-devel-linux-x86_64-fedora-clang 3.0 240.54 NOTE
r-devel-linux-x86_64-fedora-gcc 3.0 216.48 NOTE
r-devel-windows-x86_64 3.0 30.00 110.00 140.00 OK
r-patched-linux-x86_64 3.0 27.26 107.02 134.28 OK
r-release-linux-x86_64 3.0 28.90 106.99 135.89 OK
r-release-macos-arm64 3.0 55.00 OK
r-release-macos-x86_64 3.0 80.00 OK
r-release-windows-x86_64 3.0 29.00 106.00 135.00 OK
r-oldrel-macos-arm64 3.0 60.00 OK
r-oldrel-macos-x86_64 3.0 93.00 OK
r-oldrel-windows-x86_64 3.0 36.00 135.00 171.00 OK

Check Details

Version: 3.0
Check: dependencies in R code
Result: NOTE Namespaces in Imports field not imported from: ‘datasets’ ‘grDevices’ ‘graphics’ ‘iterators’ ‘methods’ All declared Imports should be used. Flavors: r-devel-linux-x86_64-fedora-clang, r-devel-linux-x86_64-fedora-gcc