CRAN Package Check Results for Package MSQC

Last updated on 2018-01-20 12:46:56 CET.

Flavor Version Tinstall Tcheck Ttotal Status Flags
r-devel-linux-x86_64-debian-clang 1.0.2 1.49 36.22 37.71 OK
r-devel-linux-x86_64-debian-gcc 1.0.2 1.46 28.08 29.54 OK
r-devel-linux-x86_64-fedora-clang 1.0.2 44.65 OK
r-devel-linux-x86_64-fedora-gcc 1.0.2 43.25 OK
r-devel-windows-ix86+x86_64 1.0.2 5.00 52.00 57.00 OK
r-patched-linux-x86_64 1.0.2 1.72 34.23 35.95 OK
r-patched-solaris-x86 1.0.2 64.80 OK
r-release-linux-x86_64 1.0.2 1.88 33.92 35.80 OK
r-release-windows-ix86+x86_64 1.0.2 7.00 66.00 73.00 OK
r-release-osx-x86_64 1.0.2 OK
r-oldrel-windows-ix86+x86_64 1.0.2 7.00 48.00 55.00 OK
r-oldrel-osx-x86_64 1.0.2 WARN

Check Details

Version: 1.0.2
Check: whether package can be installed
Result: WARN
    Found the following significant warnings:
     Warning: 'rgl_init' failed, running with rgl.useNULL = TRUE
Flavor: r-oldrel-osx-x86_64

Version: 1.0.2
Check: dependencies in R code
Result: NOTE
    Invalid MIT-MAGIC-COOKIE-1 key
Flavor: r-oldrel-osx-x86_64

Version: 1.0.2
Check: S3 generic/method consistency
Result: WARN
    Invalid MIT-MAGIC-COOKIE-1 key
    See section ‘Generic functions and methods’ in the ‘Writing R
    Extensions’ manual.
Flavor: r-oldrel-osx-x86_64

Version: 1.0.2
Check: replacement functions
Result: WARN
    Invalid MIT-MAGIC-COOKIE-1 key
    The argument of a replacement function which corresponds to the right
    hand side must be named ‘value’.
Flavor: r-oldrel-osx-x86_64

Version: 1.0.2
Check: foreign function calls
Result: NOTE
    Invalid MIT-MAGIC-COOKIE-1 key
    See chapter ‘System and foreign language interfaces’ in the ‘Writing R
    Extensions’ manual.
Flavor: r-oldrel-osx-x86_64

Version: 1.0.2
Check: R code for possible problems
Result: NOTE
    Invalid MIT-MAGIC-COOKIE-1 key
Flavor: r-oldrel-osx-x86_64

Version: 1.0.2
Check: for missing documentation entries
Result: WARN
    Invalid MIT-MAGIC-COOKIE-1 key
    All user-level objects in a package should have documentation entries.
    See chapter ‘Writing R documentation files’ in the ‘Writing R
    Extensions’ manual.
Flavor: r-oldrel-osx-x86_64

Version: 1.0.2
Check: for code/documentation mismatches
Result: WARN
    Invalid MIT-MAGIC-COOKIE-1 key
    Invalid MIT-MAGIC-COOKIE-1 key
    Invalid MIT-MAGIC-COOKIE-1 key
Flavor: r-oldrel-osx-x86_64

Version: 1.0.2
Check: Rd \usage sections
Result: NOTE
    Invalid MIT-MAGIC-COOKIE-1 key
    The \usage entries for S3 methods should use the \method markup and not
    their full name.
    See chapter ‘Writing R documentation files’ in the ‘Writing R
    Extensions’ manual.
Flavor: r-oldrel-osx-x86_64