Last updated on 2025-01-19 05:49:15 CET.
Flavor | Version | Tinstall | Tcheck | Ttotal | Status | Flags |
---|---|---|---|---|---|---|
r-devel-linux-x86_64-debian-clang | 0.1.3 | 122.21 | 77.88 | 200.09 | OK | |
r-devel-linux-x86_64-debian-gcc | 0.1.3 | 87.30 | 51.99 | 139.29 | OK | |
r-devel-linux-x86_64-fedora-clang | 0.1.3 | 314.89 | OK | |||
r-devel-linux-x86_64-fedora-gcc | 0.1.3 | 367.75 | OK | |||
r-devel-windows-x86_64 | 0.1.3 | 109.00 | 143.00 | 252.00 | OK | |
r-patched-linux-x86_64 | 0.1.3 | 129.69 | 69.57 | 199.26 | OK | |
r-release-linux-x86_64 | 0.1.3 | 122.55 | 68.61 | 191.16 | OK | |
r-release-macos-arm64 | 0.1.3 | 74.00 | NOTE | |||
r-release-macos-x86_64 | 0.1.3 | 133.00 | NOTE | |||
r-release-windows-x86_64 | 0.1.3 | 112.00 | 135.00 | 247.00 | OK | |
r-oldrel-macos-arm64 | 0.1.3 | 76.00 | NOTE | |||
r-oldrel-macos-x86_64 | 0.1.3 | 137.00 | NOTE | |||
r-oldrel-windows-x86_64 | 0.1.3 | 129.00 | 159.00 | 288.00 | OK |
Version: 0.1.3
Check: installed package size
Result: NOTE
installed size is 18.1Mb
sub-directories of 1Mb or more:
libs 17.0Mb
Flavors: r-release-macos-arm64, r-release-macos-x86_64, r-oldrel-macos-arm64, r-oldrel-macos-x86_64