CRAN Package Check Results for Package MSbox

Last updated on 2020-05-28 12:48:44 CEST.

Flavor Version Tinstall Tcheck Ttotal Status Flags
r-devel-linux-x86_64-debian-clang 1.2.1 7.02 27.24 34.26 OK
r-devel-linux-x86_64-debian-gcc 1.2.1 6.30 21.99 28.29 OK
r-devel-linux-x86_64-fedora-clang 1.2.1 44.95 OK
r-devel-linux-x86_64-fedora-gcc 1.2.1 43.60 OK
r-devel-windows-ix86+x86_64 1.2.1 18.00 55.00 73.00 ERROR
r-patched-linux-x86_64 1.2.1 7.59 27.37 34.96 OK
r-patched-solaris-x86 1.2.1 74.70 OK
r-release-linux-x86_64 1.2.1 7.78 27.56 35.34 OK
r-release-osx-x86_64 1.2.1 OK
r-release-windows-ix86+x86_64 1.2.1 10.00 61.00 71.00 ERROR
r-oldrel-osx-x86_64 1.2.1 OK
r-oldrel-windows-ix86+x86_64 1.2.1 15.00 53.00 68.00 ERROR

Check Details

Version: 1.2.1
Check: examples
Result: ERROR
    Running examples in 'MSbox-Ex.R' failed
    The error most likely occurred in:
    
    > ### Name: describe
    > ### Title: Get the compound information
    > ### Aliases: describe
    >
    > ### ** Examples
    >
    > describe('malic acid', "formula")
    Warning in open.connection(x, "rb") :
     InternetOpenUrl failed: 'Die Serververbindung konnte nicht hergestellt werden.'
    Error in open.connection(x, "rb") : cannot open the connection
    Calls: describe ... read_xml.character -> read_xml.connection -> open -> open.connection
    Execution halted
Flavors: r-devel-windows-ix86+x86_64, r-release-windows-ix86+x86_64, r-oldrel-windows-ix86+x86_64