Last updated on 2025-01-19 05:49:15 CET.
Flavor | Version | Tinstall | Tcheck | Ttotal | Status | Flags |
---|---|---|---|---|---|---|
r-devel-linux-x86_64-debian-clang | 1.3.7 | 16.07 | 270.57 | 286.64 | OK | |
r-devel-linux-x86_64-debian-gcc | 1.3.7 | 11.07 | 194.38 | 205.45 | OK | |
r-devel-linux-x86_64-fedora-clang | 1.3.7 | 451.45 | NOTE | |||
r-devel-linux-x86_64-fedora-gcc | 1.3.7 | 436.18 | NOTE | |||
r-devel-windows-x86_64 | 1.3.7 | 17.00 | 222.00 | 239.00 | OK | |
r-patched-linux-x86_64 | 1.3.7 | 15.87 | 244.50 | 260.37 | OK | |
r-release-linux-x86_64 | 1.3.7 | 15.63 | 247.23 | 262.86 | OK | |
r-release-macos-arm64 | 1.3.7 | 102.00 | OK | |||
r-release-macos-x86_64 | 1.3.7 | 148.00 | OK | |||
r-release-windows-x86_64 | 1.3.7 | 16.00 | 217.00 | 233.00 | OK | |
r-oldrel-macos-arm64 | 1.3.7 | 116.00 | OK | |||
r-oldrel-macos-x86_64 | 1.3.7 | 176.00 | OK | |||
r-oldrel-windows-x86_64 | 1.3.7 | 22.00 | 278.00 | 300.00 | OK |
Version: 1.3.7
Check: dependencies in R code
Result: NOTE
Namespace in Imports field not imported from: ‘ranger’
All declared Imports should be used.
Flavors: r-devel-linux-x86_64-fedora-clang, r-devel-linux-x86_64-fedora-gcc