CRAN Package Check Results for Package MSmix

Last updated on 2025-01-19 05:49:15 CET.

Flavor Version Tinstall Tcheck Ttotal Status Flags
r-devel-linux-x86_64-debian-clang 1.0.2 35.41 128.37 163.78 NOTE
r-devel-linux-x86_64-debian-gcc 1.0.2 20.72 87.01 107.73 NOTE
r-devel-linux-x86_64-fedora-clang 1.0.2 271.50 OK
r-devel-linux-x86_64-fedora-gcc 1.0.2 144.45 OK
r-devel-windows-x86_64 1.0.2 32.00 149.00 181.00 NOTE
r-patched-linux-x86_64 1.0.2 39.43 114.06 153.49 OK
r-release-linux-x86_64 1.0.2 31.92 114.89 146.81 OK
r-release-macos-arm64 1.0.2 56.00 OK
r-release-macos-x86_64 1.0.2 106.00 OK
r-release-windows-x86_64 1.0.2 32.00 146.00 178.00 OK
r-oldrel-macos-arm64 1.0.2 64.00 OK
r-oldrel-macos-x86_64 1.0.2 129.00 OK
r-oldrel-windows-x86_64 1.0.2 53.00 177.00 230.00 OK

Check Details

Version: 1.0.2
Check: Rd cross-references
Result: NOTE Found the following Rd file(s) with Rd \link{} targets missing package anchors: spear_dist.Rd: compute_rank_distance Please provide package anchors for all Rd \link{} targets not in the package itself and the base packages. Flavors: r-devel-linux-x86_64-debian-clang, r-devel-linux-x86_64-debian-gcc, r-devel-windows-x86_64