CRAN Package Check Results for Package MVLM

Last updated on 2025-01-19 05:49:15 CET.

Flavor Version Tinstall Tcheck Ttotal Status Flags
r-devel-linux-x86_64-debian-clang 0.1.4 1.85 23.98 25.83 NOTE
r-devel-linux-x86_64-debian-gcc 0.1.4 1.57 19.37 20.94 NOTE
r-devel-linux-x86_64-fedora-clang 0.1.4 42.88 OK
r-devel-linux-x86_64-fedora-gcc 0.1.4 54.69 OK
r-devel-windows-x86_64 0.1.4 4.00 48.00 52.00 NOTE
r-patched-linux-x86_64 0.1.4 2.84 23.05 25.89 OK
r-release-linux-x86_64 0.1.4 1.74 23.10 24.84 OK
r-release-macos-arm64 0.1.4 24.00 OK
r-release-macos-x86_64 0.1.4 33.00 OK
r-release-windows-x86_64 0.1.4 3.00 48.00 51.00 OK
r-oldrel-macos-arm64 0.1.4 23.00 OK
r-oldrel-macos-x86_64 0.1.4 35.00 OK
r-oldrel-windows-x86_64 0.1.4 3.00 54.00 57.00 OK

Check Details

Version: 0.1.4
Check: Rd cross-references
Result: NOTE Found the following Rd file(s) with Rd \link{} targets missing package anchors: mvlm.Rd: davies Please provide package anchors for all Rd \link{} targets not in the package itself and the base packages. Flavors: r-devel-linux-x86_64-debian-clang, r-devel-linux-x86_64-debian-gcc, r-devel-windows-x86_64