Last updated on 2025-01-19 05:49:12 CET.
Flavor | Version | Tinstall | Tcheck | Ttotal | Status | Flags |
---|---|---|---|---|---|---|
r-devel-linux-x86_64-debian-clang | 0.1.0 | 17.49 | 125.11 | 142.60 | OK | |
r-devel-linux-x86_64-debian-gcc | 0.1.0 | 13.74 | 93.09 | 106.83 | OK | |
r-devel-linux-x86_64-fedora-clang | 0.1.0 | 224.39 | NOTE | |||
r-devel-linux-x86_64-fedora-gcc | 0.1.0 | 216.60 | NOTE | |||
r-devel-windows-x86_64 | 0.1.0 | 18.00 | 116.00 | 134.00 | OK | |
r-patched-linux-x86_64 | 0.1.0 | 16.80 | 116.18 | 132.98 | OK | |
r-release-linux-x86_64 | 0.1.0 | 16.61 | 116.06 | 132.67 | OK | |
r-release-macos-arm64 | 0.1.0 | 62.00 | OK | |||
r-release-macos-x86_64 | 0.1.0 | 95.00 | OK | |||
r-release-windows-x86_64 | 0.1.0 | 17.00 | 118.00 | 135.00 | OK | |
r-oldrel-macos-arm64 | 0.1.0 | 82.00 | OK | |||
r-oldrel-macos-x86_64 | 0.1.0 | 122.00 | OK | |||
r-oldrel-windows-x86_64 | 0.1.0 | 22.00 | 142.00 | 164.00 | OK |
Version: 0.1.0
Check: dependencies in R code
Result: NOTE
Namespaces in Imports field not imported from:
‘ngram’ ‘shinythemes’ ‘topicmodels’
All declared Imports should be used.
Flavors: r-devel-linux-x86_64-fedora-clang, r-devel-linux-x86_64-fedora-gcc