Last updated on 2024-04-25 18:49:32 CEST.
Flavor | Version | Tinstall | Tcheck | Ttotal | Status | Flags |
---|---|---|---|---|---|---|
r-devel-linux-x86_64-debian-clang | 1.21 | 4.89 | 59.48 | 64.37 | NOTE | |
r-devel-linux-x86_64-debian-gcc | 1.21 | 3.70 | 43.49 | 47.19 | NOTE | |
r-devel-linux-x86_64-fedora-clang | 1.21 | 78.98 | NOTE | |||
r-devel-linux-x86_64-fedora-gcc | 1.21 | 91.70 | NOTE | |||
r-devel-windows-x86_64 | 1.21 | 5.00 | 73.00 | 78.00 | NOTE | |
r-patched-linux-x86_64 | 1.21 | 4.18 | 56.40 | 60.58 | NOTE | |
r-release-linux-x86_64 | 1.21 | 3.41 | 57.20 | 60.61 | OK | |
r-release-macos-arm64 | 1.21 | 31.00 | NOTE | |||
r-release-windows-x86_64 | 1.21 | 5.00 | 72.00 | 77.00 | NOTE | |
r-oldrel-macos-arm64 | 1.21 | 34.00 | OK | |||
r-oldrel-macos-x86_64 | 1.21 | 55.00 | OK | |||
r-oldrel-windows-x86_64 | 1.21 | 5.00 | 76.00 | 81.00 | OK |
Version: 1.21
Check: Rd files
Result: NOTE
checkRd: (-1) MangroveTree.Rd:37: Lost braces
37 | An object of class \\code{\link[Mangrove]{MangrovePed}}
| ^
Flavors: r-devel-linux-x86_64-debian-clang, r-devel-linux-x86_64-debian-gcc, r-devel-linux-x86_64-fedora-clang, r-devel-linux-x86_64-fedora-gcc, r-devel-windows-x86_64, r-patched-linux-x86_64, r-release-macos-arm64, r-release-windows-x86_64