CRAN Package Check Results for Package ManifoldOptim

Last updated on 2025-01-19 05:49:12 CET.

Flavor Version Tinstall Tcheck Ttotal Status Flags
r-devel-linux-x86_64-debian-clang 1.0.1 174.15 25.10 199.25 OK
r-devel-linux-x86_64-debian-gcc 1.0.1 116.91 19.24 136.15 OK
r-devel-linux-x86_64-fedora-clang 1.0.1 507.47 OK
r-devel-linux-x86_64-fedora-gcc 1.0.1 414.94 OK
r-devel-windows-x86_64 1.0.1 431.00 69.00 500.00 OK
r-patched-linux-x86_64 1.0.1 168.34 23.56 191.90 OK
r-release-linux-x86_64 1.0.1 161.75 23.03 184.78 OK
r-release-macos-arm64 1.0.1 79.00 NOTE
r-release-macos-x86_64 1.0.1 66.00 NOTE
r-release-windows-x86_64 1.0.1 415.00 71.00 486.00 OK
r-oldrel-macos-arm64 1.0.1 94.00 NOTE
r-oldrel-macos-x86_64 1.0.1 171.00 NOTE
r-oldrel-windows-x86_64 1.0.1 428.00 84.00 512.00 OK

Check Details

Version: 1.0.1
Check: installed package size
Result: NOTE installed size is 10.1Mb sub-directories of 1Mb or more: libs 9.8Mb Flavors: r-release-macos-arm64, r-release-macos-x86_64, r-oldrel-macos-arm64, r-oldrel-macos-x86_64