CRAN Package Check Results for Package MargCond

Last updated on 2025-01-19 05:49:12 CET.

Flavor Version Tinstall Tcheck Ttotal Status Flags
r-devel-linux-x86_64-debian-clang 1.0.0 8.30 66.50 74.80 NOTE
r-devel-linux-x86_64-debian-gcc 1.0.0 6.15 47.99 54.14 NOTE
r-devel-linux-x86_64-fedora-clang 1.0.0 120.32 OK
r-devel-linux-x86_64-fedora-gcc 1.0.0 111.61 OK
r-devel-windows-x86_64 1.0.0 8.00 78.00 86.00 NOTE
r-patched-linux-x86_64 1.0.0 10.77 61.80 72.57 OK
r-release-linux-x86_64 1.0.0 8.18 61.60 69.78 OK
r-release-macos-arm64 1.0.0 34.00 OK
r-release-macos-x86_64 1.0.0 49.00 OK
r-release-windows-x86_64 1.0.0 8.00 72.00 80.00 OK
r-oldrel-macos-arm64 1.0.0 39.00 OK
r-oldrel-macos-x86_64 1.0.0 61.00 OK
r-oldrel-windows-x86_64 1.0.0 11.00 87.00 98.00 OK

Check Details

Version: 1.0.0
Check: Rd cross-references
Result: NOTE Found the following Rd file(s) with Rd \link{} targets missing package anchors: MargCond.Rd: lmer, gee Please provide package anchors for all Rd \link{} targets not in the package itself and the base packages. Flavors: r-devel-linux-x86_64-debian-clang, r-devel-linux-x86_64-debian-gcc, r-devel-windows-x86_64