CRAN Package Check Results for Package MarginalMediation

Last updated on 2025-01-19 05:49:12 CET.

Flavor Version Tinstall Tcheck Ttotal Status Flags
r-devel-linux-x86_64-debian-clang 0.7.2 5.06 82.45 87.51 NOTE
r-devel-linux-x86_64-debian-gcc 0.7.2 3.57 55.07 58.64 NOTE
r-devel-linux-x86_64-fedora-clang 0.7.2 144.49 NOTE
r-devel-linux-x86_64-fedora-gcc 0.7.2 152.79 NOTE
r-devel-windows-x86_64 0.7.2 8.00 97.00 105.00 NOTE
r-patched-linux-x86_64 0.7.2 4.70 77.37 82.07 NOTE
r-release-linux-x86_64 0.7.2 4.86 76.84 81.70 NOTE
r-release-macos-arm64 0.7.2 52.00 NOTE
r-release-macos-x86_64 0.7.2 95.00 NOTE
r-release-windows-x86_64 0.7.2 7.00 95.00 102.00 NOTE
r-oldrel-macos-arm64 0.7.2 58.00 NOTE
r-oldrel-macos-x86_64 0.7.2 81.00 NOTE
r-oldrel-windows-x86_64 0.7.2 8.00 114.00 122.00 NOTE

Check Details

Version: 0.7.2
Check: Rd files
Result: NOTE checkRd: (-1) mma.Rd:67: Escaped LaTeX specials: \& Flavors: r-devel-linux-x86_64-debian-clang, r-devel-linux-x86_64-debian-gcc, r-devel-linux-x86_64-fedora-clang, r-devel-linux-x86_64-fedora-gcc, r-devel-windows-x86_64, r-patched-linux-x86_64, r-release-linux-x86_64, r-release-macos-arm64, r-release-macos-x86_64, r-release-windows-x86_64, r-oldrel-macos-arm64, r-oldrel-macos-x86_64, r-oldrel-windows-x86_64