Last updated on 2024-04-21 12:54:02 CEST.
Flavor | Version | Tinstall | Tcheck | Ttotal | Status | Flags |
---|---|---|---|---|---|---|
r-devel-linux-x86_64-debian-clang | 1.7-0 | 353.98 | 425.06 | 779.04 | OK | |
r-devel-linux-x86_64-debian-gcc | 1.7-0 | 314.50 | 302.32 | 616.82 | OK | |
r-devel-linux-x86_64-fedora-clang | 1.7-0 | 966.15 | OK | |||
r-devel-linux-x86_64-fedora-gcc | 1.7-0 | 1146.89 | OK | |||
r-prerel-macos-arm64 | 1.7-0 | 246.00 | OK | |||
r-prerel-macos-x86_64 | 1.7-0 | 261.00 | OK | |||
r-prerel-windows-x86_64 | 1.7-0 | 363.00 | 412.00 | 775.00 | OK | |
r-patched-linux-x86_64 | 1.7-0 | 342.10 | 405.35 | 747.45 | OK | |
r-release-linux-x86_64 | 1.6-5 | 239.65 | 404.69 | 644.34 | OK | |
r-release-macos-arm64 | 1.6-5 | 228.00 | NOTE | |||
r-release-macos-x86_64 | 1.6-5 | 525.00 | NOTE | |||
r-release-windows-x86_64 | 1.6-5 | 275.00 | 483.00 | 758.00 | OK | |
r-oldrel-macos-arm64 | 1.7-0 | 18.00 | ERROR | |||
r-oldrel-windows-x86_64 | 1.6-5 | 2.00 | 10.00 | 12.00 | ERROR |
Version: 1.6-5
Check: R code for possible problems
Result: NOTE
qr.X: no visible binding for global variable ‘R’
Undefined global functions or variables:
R
Flavors: r-release-macos-arm64, r-release-macos-x86_64
Version: 1.7-0
Check: whether package can be installed
Result: ERROR
Installation failed.
Flavor: r-oldrel-macos-arm64
Version: 1.6-5
Check: whether package can be installed
Result: ERROR
Installation failed.
Flavor: r-oldrel-windows-x86_64