CRAN Package Check Results for Package MatrixLDA

Last updated on 2025-01-19 05:49:12 CET.

Flavor Version Tinstall Tcheck Ttotal Status Flags
r-devel-linux-x86_64-debian-clang 0.2 20.92 35.90 56.82 OK
r-devel-linux-x86_64-debian-gcc 0.2 14.48 29.26 43.74 OK
r-devel-linux-x86_64-fedora-clang 0.2 103.12 OK
r-devel-linux-x86_64-fedora-gcc 0.2 105.87 OK
r-devel-windows-x86_64 0.2 26.00 76.00 102.00 OK
r-patched-linux-x86_64 0.2 22.19 36.93 59.12 NOTE
r-release-linux-x86_64 0.2 23.45 37.10 60.55 NOTE
r-release-macos-arm64 0.2 32.00 NOTE
r-release-macos-x86_64 0.2 46.00 NOTE
r-release-windows-x86_64 0.2 26.00 71.00 97.00 NOTE
r-oldrel-macos-arm64 0.2 42.00 NOTE
r-oldrel-macos-x86_64 0.2 55.00 NOTE
r-oldrel-windows-x86_64 0.2 29.00 83.00 112.00 NOTE

Check Details

Version: 0.2
Check: LazyData
Result: NOTE 'LazyData' is specified without a 'data' directory Flavors: r-patched-linux-x86_64, r-release-linux-x86_64, r-release-macos-arm64, r-release-macos-x86_64, r-release-windows-x86_64, r-oldrel-macos-arm64, r-oldrel-macos-x86_64, r-oldrel-windows-x86_64