Last updated on 2025-01-19 05:49:14 CET.
Flavor | Version | Tinstall | Tcheck | Ttotal | Status | Flags |
---|---|---|---|---|---|---|
r-devel-linux-x86_64-debian-clang | 0.10.0 | 60.79 | 298.74 | 359.53 | OK | |
r-devel-linux-x86_64-debian-gcc | 0.10.0 | 41.39 | 178.83 | 220.22 | OK | |
r-devel-linux-x86_64-fedora-clang | 0.10.0 | 612.74 | OK | |||
r-devel-linux-x86_64-fedora-gcc | 0.10.0 | 573.73 | OK | |||
r-devel-windows-x86_64 | 0.10.0 | 56.00 | 299.00 | 355.00 | OK | |
r-patched-linux-x86_64 | 0.10.0 | 58.80 | 270.53 | 329.33 | OK | |
r-release-linux-x86_64 | 0.10.0 | 58.39 | 272.05 | 330.44 | OK | |
r-release-macos-arm64 | 0.10.0 | 149.00 | NOTE | |||
r-release-macos-x86_64 | 0.10.0 | 297.00 | NOTE | |||
r-release-windows-x86_64 | 0.10.0 | 60.00 | 282.00 | 342.00 | OK | |
r-oldrel-macos-arm64 | 0.10.0 | 164.00 | NOTE | |||
r-oldrel-macos-x86_64 | 0.10.0 | 349.00 | NOTE | |||
r-oldrel-windows-x86_64 | 0.10.0 | 72.00 | 380.00 | 452.00 | OK |
Version: 0.10.0
Check: installed package size
Result: NOTE
installed size is 5.2Mb
sub-directories of 1Mb or more:
libs 3.6Mb
Flavors: r-release-macos-arm64, r-release-macos-x86_64, r-oldrel-macos-arm64, r-oldrel-macos-x86_64