Last updated on 2025-01-19 05:49:14 CET.
Flavor | Version | Tinstall | Tcheck | Ttotal | Status | Flags |
---|---|---|---|---|---|---|
r-devel-linux-x86_64-debian-clang | 0.1.3 | 58.30 | 116.72 | 175.02 | OK | |
r-devel-linux-x86_64-debian-gcc | 0.1.3 | 49.52 | 92.65 | 142.17 | OK | |
r-devel-linux-x86_64-fedora-clang | 0.1.3 | 269.33 | OK | |||
r-devel-linux-x86_64-fedora-gcc | 0.1.3 | 273.75 | OK | |||
r-devel-windows-x86_64 | 0.1.3 | 56.00 | 117.00 | 173.00 | OK | |
r-patched-linux-x86_64 | 0.1.3 | 51.38 | 111.72 | 163.10 | OK | |
r-release-linux-x86_64 | 0.1.3 | 56.26 | 109.68 | 165.94 | OK | |
r-release-macos-arm64 | 0.1.3 | 87.00 | NOTE | |||
r-release-macos-x86_64 | 0.1.3 | 109.00 | NOTE | |||
r-release-windows-x86_64 | 0.1.3 | 60.00 | 120.00 | 180.00 | OK | |
r-oldrel-macos-arm64 | 0.1.3 | 121.00 | NOTE | |||
r-oldrel-macos-x86_64 | 0.1.3 | 125.00 | NOTE | |||
r-oldrel-windows-x86_64 | 0.1.3 | 71.00 | 153.00 | 224.00 | OK |
Version: 0.1.3
Check: installed package size
Result: NOTE
installed size is 5.2Mb
sub-directories of 1Mb or more:
R 4.9Mb
Flavors: r-release-macos-arm64, r-release-macos-x86_64, r-oldrel-macos-arm64, r-oldrel-macos-x86_64