Last updated on 2024-05-01 16:53:01 CEST.
Flavor | Version | Tinstall | Tcheck | Ttotal | Status | Flags |
---|---|---|---|---|---|---|
r-devel-linux-x86_64-debian-clang | 1.0.0 | 520.09 | 235.11 | 755.20 | NOTE | |
r-devel-linux-x86_64-debian-gcc | 1.0.0 | 464.54 | 203.30 | 667.84 | NOTE | |
r-devel-linux-x86_64-fedora-clang | 1.0.0 | 960.79 | NOTE | |||
r-devel-linux-x86_64-fedora-gcc | 1.0.0 | 1272.18 | NOTE | |||
r-devel-windows-x86_64 | 1.0.0 | 375.00 | 226.00 | 601.00 | NOTE | |
r-patched-linux-x86_64 | 1.0.0 | 393.82 | 265.89 | 659.71 | NOTE | |
r-release-linux-x86_64 | 1.0.0 | 425.15 | 267.97 | 693.12 | NOTE | |
r-release-macos-arm64 | 1.0.0 | 242.00 | NOTE | |||
r-release-windows-x86_64 | 1.0.0 | 378.00 | 229.00 | 607.00 | NOTE | |
r-oldrel-macos-arm64 | 1.0.0 | 236.00 | NOTE | |||
r-oldrel-macos-x86_64 | 1.0.0 | 368.00 | NOTE | |||
r-oldrel-windows-x86_64 | 1.0.0 | 505.00 | 278.00 | 783.00 | NOTE |
Version: 1.0.0
Check: for GNU extensions in Makefiles
Result: NOTE
GNU make is a SystemRequirements.
Flavors: r-devel-linux-x86_64-debian-clang, r-devel-linux-x86_64-debian-gcc, r-devel-linux-x86_64-fedora-clang, r-devel-linux-x86_64-fedora-gcc, r-devel-windows-x86_64, r-patched-linux-x86_64, r-release-linux-x86_64, r-release-macos-arm64, r-release-windows-x86_64, r-oldrel-macos-arm64, r-oldrel-macos-x86_64, r-oldrel-windows-x86_64
Version: 1.0.0
Check: installed package size
Result: NOTE
installed size is 5.6Mb
sub-directories of 1Mb or more:
libs 5.1Mb
Flavors: r-devel-linux-x86_64-fedora-clang, r-release-macos-arm64, r-oldrel-macos-arm64, r-oldrel-macos-x86_64