CRAN Package Check Results for Package MetabolomicsBasics

Last updated on 2025-01-19 05:49:14 CET.

Flavor Version Tinstall Tcheck Ttotal Status Flags
r-devel-linux-x86_64-debian-clang 1.4.5 17.67 150.65 168.32 OK
r-devel-linux-x86_64-debian-gcc 1.4.5 12.75 102.51 115.26 OK
r-devel-linux-x86_64-fedora-clang 1.4.5 282.79 OK
r-devel-linux-x86_64-fedora-gcc 1.4.5 274.32 OK
r-devel-windows-x86_64 1.4.5 17.00 151.00 168.00 OK
r-patched-linux-x86_64 1.4.5 16.92 143.56 160.48 OK
r-release-linux-x86_64 1.4.5 16.64 143.83 160.47 OK
r-release-macos-arm64 1.4.5 75.00 OK
r-release-macos-x86_64 1.4.5 129.00 OK
r-release-windows-x86_64 1.4.5 17.00 148.00 165.00 OK
r-oldrel-macos-arm64 1.4.5 87.00 NOTE
r-oldrel-macos-x86_64 1.4.5 161.00 NOTE
r-oldrel-windows-x86_64 1.4.5 25.00 194.00 219.00 OK

Additional issues

noSuggests

Check Details

Version: 1.4.5
Check: package dependencies
Result: NOTE Packages suggested but not available for checking: 'ropls', 'xcms' Flavors: r-oldrel-macos-arm64, r-oldrel-macos-x86_64