Last updated on 2024-04-17 13:57:34 CEST.
Flavor | Version | Tinstall | Tcheck | Ttotal | Status | Flags |
---|---|---|---|---|---|---|
r-devel-linux-x86_64-debian-clang | 0.8.15 | 3.28 | 39.07 | 42.35 | OK | |
r-devel-linux-x86_64-debian-gcc | 0.8.15 | 3.53 | 29.66 | 33.19 | OK | |
r-devel-linux-x86_64-fedora-clang | 0.8.15 | 55.86 | NOTE | |||
r-devel-linux-x86_64-fedora-gcc | 0.8.15 | 54.76 | OK | |||
r-prerel-macos-arm64 | 0.8.15 | 21.00 | OK | |||
r-prerel-windows-x86_64 | 0.8.15 | 7.00 | 51.00 | 58.00 | OK | |
r-patched-linux-x86_64 | 0.8.15 | 4.09 | 37.18 | 41.27 | OK | |
r-release-linux-x86_64 | 0.8.15 | 2.81 | 37.66 | 40.47 | OK | |
r-release-macos-arm64 | 0.8.15 | 26.00 | OK | |||
r-release-macos-x86_64 | 0.8.15 | 45.00 | OK | |||
r-release-windows-x86_64 | 0.8.15 | 7.00 | 55.00 | 62.00 | OK | |
r-oldrel-macos-arm64 | 0.8.15 | 24.00 | OK | |||
r-oldrel-windows-x86_64 | 0.8.15 | 7.00 | 56.00 | 63.00 | OK |
Version: 0.8.15
Check: Rd cross-references
Result: NOTE
Undeclared package ‘tibble’ in Rd xrefs
Flavor: r-devel-linux-x86_64-fedora-clang