Last updated on 2024-03-28 14:48:34 CET.
Flavor | Version | Tinstall | Tcheck | Ttotal | Status | Flags |
---|---|---|---|---|---|---|
r-devel-linux-x86_64-debian-clang | 0.4.0 | 1.89 | 28.93 | 30.82 | NOTE | |
r-devel-linux-x86_64-debian-gcc | 0.4.0 | 1.74 | 21.94 | 23.68 | NOTE | |
r-devel-linux-x86_64-fedora-clang | 0.4.0 | 37.78 | NOTE | |||
r-devel-linux-x86_64-fedora-gcc | 0.4.0 | 37.41 | NOTE | |||
r-devel-windows-x86_64 | 0.4.0 | 2.00 | 49.00 | 51.00 | NOTE | |
r-patched-linux-x86_64 | 0.4.0 | 2.38 | 27.85 | 30.23 | NOTE | |
r-release-linux-x86_64 | 0.4.0 | 2.05 | 27.85 | 29.90 | NOTE | |
r-release-macos-arm64 | 0.4.0 | 17.00 | NOTE | |||
r-release-macos-x86_64 | 0.4.0 | 24.00 | NOTE | |||
r-release-windows-x86_64 | 0.4.0 | 3.00 | 50.00 | 53.00 | NOTE | |
r-oldrel-macos-arm64 | 0.4.0 | 18.00 | NOTE | |||
r-oldrel-windows-x86_64 | 0.4.0 | 5.00 | 53.00 | 58.00 | NOTE |
Version: 0.4.0
Check: LazyData
Result: NOTE
'LazyData' is specified without a 'data' directory
Flavors: r-devel-linux-x86_64-debian-clang, r-devel-linux-x86_64-debian-gcc, r-devel-linux-x86_64-fedora-clang, r-devel-linux-x86_64-fedora-gcc, r-devel-windows-x86_64, r-patched-linux-x86_64, r-release-linux-x86_64, r-release-macos-arm64, r-release-macos-x86_64, r-release-windows-x86_64, r-oldrel-macos-arm64, r-oldrel-windows-x86_64