Last updated on 2025-01-19 05:49:14 CET.
Flavor | Version | Tinstall | Tcheck | Ttotal | Status | Flags |
---|---|---|---|---|---|---|
r-devel-linux-x86_64-debian-clang | 0.10.1 | 53.07 | 664.25 | 717.32 | OK | |
r-devel-linux-x86_64-debian-gcc | 0.10.1 | 41.55 | 463.44 | 504.99 | OK | |
r-devel-linux-x86_64-fedora-clang | 0.10.1 | 1191.15 | OK | |||
r-devel-linux-x86_64-fedora-gcc | 0.10.1 | 1193.19 | OK | |||
r-devel-windows-x86_64 | 0.10.1 | 55.00 | 595.00 | 650.00 | OK | |
r-patched-linux-x86_64 | 0.10.1 | 49.80 | 614.82 | 664.62 | OK | |
r-release-linux-x86_64 | 0.10.1 | 52.37 | 610.00 | 662.37 | OK | |
r-release-macos-arm64 | 0.10.1 | 247.00 | OK | |||
r-release-macos-x86_64 | 0.10.1 | 380.00 | NOTE | |||
r-release-windows-x86_64 | 0.10.1 | 54.00 | 591.00 | 645.00 | OK | |
r-oldrel-macos-arm64 | 0.10.1 | 17.00 | ERROR | |||
r-oldrel-macos-x86_64 | 0.10.1 | 12.00 | ERROR | |||
r-oldrel-windows-x86_64 | 0.10.1 | 67.00 | 803.00 | 870.00 | OK |
Version: 0.10.1
Check: package dependencies
Result: NOTE
Packages suggested but not available for checking: 'ANCOMBC', 'mia'
Flavor: r-release-macos-x86_64
Version: 0.10.1
Check: Rd cross-references
Result: NOTE
Package unavailable to check Rd xrefs: ‘ANCOMBC’
Flavor: r-release-macos-x86_64
Version: 0.10.1
Check: package dependencies
Result: ERROR
Package required but not available: ‘dada2’
Packages suggested but not available for checking: 'ANCOMBC', 'mia'
See section ‘The DESCRIPTION file’ in the ‘Writing R Extensions’
manual.
Flavors: r-oldrel-macos-arm64, r-oldrel-macos-x86_64