CRAN Package Check Results for Package MitoHEAR

Last updated on 2025-01-19 05:49:14 CET.

Flavor Version Tinstall Tcheck Ttotal Status Flags
r-devel-linux-x86_64-debian-clang 0.1.0 4.85 295.62 300.47 OK
r-devel-linux-x86_64-debian-gcc 0.1.0 3.27 187.22 190.49 OK
r-devel-linux-x86_64-fedora-clang 0.1.0 520.13 OK
r-devel-linux-x86_64-fedora-gcc 0.1.0 565.20 OK
r-devel-windows-x86_64 0.1.0 7.00 309.00 316.00 OK
r-patched-linux-x86_64 0.1.0 5.39 299.95 305.34 OK
r-release-linux-x86_64 0.1.0 4.46 299.00 303.46 OK
r-release-macos-arm64 0.1.0 149.00 OK
r-release-macos-x86_64 0.1.0 297.00 OK
r-release-windows-x86_64 0.1.0 8.00 297.00 305.00 OK
r-oldrel-macos-arm64 0.1.0 166.00 NOTE
r-oldrel-macos-x86_64 0.1.0 297.00 NOTE
r-oldrel-windows-x86_64 0.1.0 8.00 322.00 330.00 OK

Check Details

Version: 0.1.0
Check: package dependencies
Result: NOTE Packages suggested but not available for checking: 'karyoploteR', 'regioneR' Flavor: r-oldrel-macos-arm64

Version: 0.1.0
Check: package dependencies
Result: NOTE Packages suggested but not available for checking: 'clustree', 'karyoploteR', 'regioneR' Flavor: r-oldrel-macos-x86_64