Last updated on 2025-01-19 05:49:14 CET.
Flavor | Version | Tinstall | Tcheck | Ttotal | Status | Flags |
---|---|---|---|---|---|---|
r-devel-linux-x86_64-debian-clang | 1.5.16 | 348.86 | 84.01 | 432.87 | OK | |
r-devel-linux-x86_64-debian-gcc | 1.5.16 | 287.48 | 60.31 | 347.79 | OK | |
r-devel-linux-x86_64-fedora-clang | 1.5.16 | 873.10 | OK | |||
r-devel-linux-x86_64-fedora-gcc | 1.5.16 | 1003.81 | OK | |||
r-devel-windows-x86_64 | 1.5.16 | 397.00 | 192.00 | 589.00 | OK | |
r-patched-linux-x86_64 | 1.5.16 | 408.46 | 80.31 | 488.77 | OK | |
r-release-linux-x86_64 | 1.5.16 | 398.55 | 80.76 | 479.31 | OK | |
r-release-macos-arm64 | 1.5.16 | 208.00 | NOTE | |||
r-release-macos-x86_64 | 1.5.16 | 208.00 | NOTE | |||
r-release-windows-x86_64 | 1.5.16 | 397.00 | 196.00 | 593.00 | OK | |
r-oldrel-macos-arm64 | 1.5.16 | 213.00 | NOTE | |||
r-oldrel-macos-x86_64 | 1.5.16 | 238.00 | NOTE | |||
r-oldrel-windows-x86_64 | 1.5.16 | 454.00 | 205.00 | 659.00 | OK |
Version: 1.5.16
Check: installed package size
Result: NOTE
installed size is 26.6Mb
sub-directories of 1Mb or more:
libs 24.1Mb
Flavors: r-release-macos-arm64, r-release-macos-x86_64, r-oldrel-macos-arm64, r-oldrel-macos-x86_64