CRAN Package Check Results for Package MixOptim

Last updated on 2025-01-19 05:49:14 CET.

Flavor Version Tinstall Tcheck Ttotal Status Flags
r-devel-linux-x86_64-debian-clang 0.1.2 4.99 178.83 183.82 OK
r-devel-linux-x86_64-debian-gcc 0.1.2 3.73 103.96 107.69 OK
r-devel-linux-x86_64-fedora-clang 0.1.2 298.32 NOTE
r-devel-linux-x86_64-fedora-gcc 0.1.2 299.19 NOTE
r-devel-windows-x86_64 0.1.2 8.00 171.00 179.00 OK
r-patched-linux-x86_64 0.1.2 3.65 166.10 169.75 NOTE
r-release-linux-x86_64 0.1.2 4.03 167.15 171.18 NOTE
r-release-macos-arm64 0.1.2 73.00 NOTE
r-release-macos-x86_64 0.1.2 128.00 NOTE
r-release-windows-x86_64 0.1.2 7.00 163.00 170.00 NOTE
r-oldrel-macos-arm64 0.1.2 79.00 NOTE
r-oldrel-macos-x86_64 0.1.2 126.00 NOTE
r-oldrel-windows-x86_64 0.1.2 8.00 222.00 230.00 NOTE

Check Details

Version: 0.1.2
Check: dependencies in R code
Result: NOTE Namespace in Imports field not imported from: ‘rlang’ All declared Imports should be used. Flavors: r-devel-linux-x86_64-fedora-clang, r-devel-linux-x86_64-fedora-gcc

Version: 0.1.2
Check: LazyData
Result: NOTE 'LazyData' is specified without a 'data' directory Flavors: r-patched-linux-x86_64, r-release-linux-x86_64, r-release-macos-arm64, r-release-macos-x86_64, r-release-windows-x86_64, r-oldrel-macos-arm64, r-oldrel-macos-x86_64, r-oldrel-windows-x86_64