Last updated on 2025-01-19 05:49:14 CET.
Flavor | Version | Tinstall | Tcheck | Ttotal | Status | Flags |
---|---|---|---|---|---|---|
r-devel-linux-x86_64-debian-clang | 3.1.12 | 7.48 | 85.49 | 92.97 | OK | |
r-devel-linux-x86_64-debian-gcc | 3.1.12 | 4.35 | 57.42 | 61.77 | OK | |
r-devel-linux-x86_64-fedora-clang | 3.1.12 | 158.12 | OK | |||
r-devel-linux-x86_64-fedora-gcc | 3.1.12 | 220.50 | OK | |||
r-devel-windows-x86_64 | 3.1.12 | 9.00 | 102.00 | 111.00 | OK | |
r-patched-linux-x86_64 | 3.1.12 | 6.76 | 79.01 | 85.77 | NOTE | |
r-release-linux-x86_64 | 3.1.12 | 5.82 | 77.53 | 83.35 | NOTE | |
r-release-macos-arm64 | 3.1.12 | 63.00 | NOTE | |||
r-release-macos-x86_64 | 3.1.12 | 97.00 | NOTE | |||
r-release-windows-x86_64 | 3.1.12 | 8.00 | 101.00 | 109.00 | NOTE | |
r-oldrel-macos-arm64 | 3.1.12 | 70.00 | NOTE | |||
r-oldrel-macos-x86_64 | 3.1.12 | 90.00 | NOTE | |||
r-oldrel-windows-x86_64 | 3.1.12 | 10.00 | 115.00 | 125.00 | NOTE |
Version: 3.1.12
Check: LazyData
Result: NOTE
'LazyData' is specified without a 'data' directory
Flavors: r-patched-linux-x86_64, r-release-linux-x86_64, r-release-macos-arm64, r-release-macos-x86_64, r-release-windows-x86_64, r-oldrel-macos-arm64, r-oldrel-macos-x86_64, r-oldrel-windows-x86_64