Last updated on 2025-01-19 05:49:14 CET.
Flavor | Version | Tinstall | Tcheck | Ttotal | Status | Flags |
---|---|---|---|---|---|---|
r-devel-linux-x86_64-debian-clang | 1.1.0 | 9.98 | 95.89 | 105.87 | NOTE | |
r-devel-linux-x86_64-debian-gcc | 1.1.0 | 8.08 | 66.88 | 74.96 | NOTE | |
r-devel-linux-x86_64-fedora-clang | 1.1.0 | 171.01 | OK | |||
r-devel-linux-x86_64-fedora-gcc | 1.1.0 | 154.15 | OK | |||
r-devel-windows-x86_64 | 1.1.0 | 12.00 | 112.00 | 124.00 | NOTE | |
r-patched-linux-x86_64 | 1.1.0 | 14.80 | 87.88 | 102.68 | OK | |
r-release-linux-x86_64 | 1.1.0 | 9.69 | 88.48 | 98.17 | OK | |
r-release-macos-arm64 | 1.1.0 | 51.00 | OK | |||
r-release-macos-x86_64 | 1.1.0 | 93.00 | OK | |||
r-release-windows-x86_64 | 1.1.0 | 12.00 | 104.00 | 116.00 | OK | |
r-oldrel-macos-arm64 | 1.1.0 | 53.00 | OK | |||
r-oldrel-macos-x86_64 | 1.1.0 | 86.00 | OK | |||
r-oldrel-windows-x86_64 | 1.1.0 | 15.00 | 132.00 | 147.00 | OK |
Version: 1.1.0
Check: Rd cross-references
Result: NOTE
Found the following Rd file(s) with Rd \link{} targets missing package
anchors:
pseMer.Rd: merMod-class
xplode.Rd: merMod-class
Please provide package anchors for all Rd \link{} targets not in the
package itself and the base packages.
Flavors: r-devel-linux-x86_64-debian-clang, r-devel-linux-x86_64-debian-gcc, r-devel-windows-x86_64