Last updated on 2025-01-19 05:49:14 CET.
Flavor | Version | Tinstall | Tcheck | Ttotal | Status | Flags |
---|---|---|---|---|---|---|
r-devel-linux-x86_64-debian-clang | 1.6.64 | 51.20 | 137.17 | 188.37 | NOTE | |
r-devel-linux-x86_64-debian-gcc | 1.6.64 | 31.54 | 77.44 | 108.98 | NOTE | |
r-devel-linux-x86_64-fedora-clang | 1.6.64 | 330.30 | NOTE | |||
r-devel-linux-x86_64-fedora-gcc | 1.6.64 | 309.87 | NOTE | |||
r-devel-windows-x86_64 | 1.6.64 | 45.00 | 134.00 | 179.00 | NOTE | |
r-patched-linux-x86_64 | 1.6.64 | 51.31 | 121.64 | 172.95 | NOTE | |
r-release-linux-x86_64 | 1.6.64 | 48.27 | 121.45 | 169.72 | NOTE | |
r-release-macos-arm64 | 1.6.64 | 63.00 | NOTE | |||
r-release-macos-x86_64 | 1.6.64 | 123.00 | NOTE | |||
r-release-windows-x86_64 | 1.6.64 | 47.00 | 135.00 | 182.00 | NOTE | |
r-oldrel-macos-arm64 | 1.6.64 | 71.00 | NOTE | |||
r-oldrel-macos-x86_64 | 1.6.64 | 135.00 | NOTE | |||
r-oldrel-windows-x86_64 | 1.6.64 | 59.00 | 170.00 | 229.00 | NOTE |
Version: 1.6.64
Check: Rd files
Result: NOTE
checkRd: (-1) creating.phenotypic.transform.Rd:20: Lost braces
20 | trafo <- function(x){ return(x^2)}
| ^
Flavors: r-devel-linux-x86_64-debian-clang, r-devel-linux-x86_64-debian-gcc, r-devel-linux-x86_64-fedora-clang, r-devel-linux-x86_64-fedora-gcc, r-devel-windows-x86_64, r-patched-linux-x86_64, r-release-linux-x86_64, r-release-macos-arm64, r-release-macos-x86_64, r-release-windows-x86_64
Version: 1.6.64
Check: package dependencies
Result: NOTE
Package suggested but not available for checking: ‘alstructure’
Packages which this enhances but not available for checking:
'miraculix', 'RandomFieldsUtils', 'MoBPSmaps'
Flavors: r-patched-linux-x86_64, r-release-linux-x86_64, r-release-windows-x86_64, r-oldrel-windows-x86_64
Version: 1.6.64
Check: package dependencies
Result: NOTE
Packages suggested but not available for checking:
'doMPI', 'optiSel', 'alstructure'
Packages which this enhances but not available for checking:
'miraculix', 'RandomFieldsUtils', 'MoBPSmaps'
Flavors: r-release-macos-arm64, r-release-macos-x86_64
Version: 1.6.64
Check: package dependencies
Result: NOTE
Packages suggested but not available for checking: 'doMPI', 'alstructure'
Packages which this enhances but not available for checking:
'miraculix', 'RandomFieldsUtils', 'MoBPSmaps'
Flavors: r-oldrel-macos-arm64, r-oldrel-macos-x86_64