CRAN Package Check Results for Package Modelcharts

Last updated on 2025-01-19 05:49:14 CET.

Flavor Version Tinstall Tcheck Ttotal Status Flags
r-devel-linux-x86_64-debian-clang 0.1.0 5.11 43.59 48.70 OK
r-devel-linux-x86_64-debian-gcc 0.1.0 4.18 30.64 34.82 OK
r-devel-linux-x86_64-fedora-clang 0.1.0 75.50 OK
r-devel-linux-x86_64-fedora-gcc 0.1.0 68.43 OK
r-devel-windows-x86_64 0.1.0 6.00 62.00 68.00 OK
r-patched-linux-x86_64 0.1.0 5.07 38.82 43.89 NOTE
r-release-linux-x86_64 0.1.0 5.31 38.83 44.14 NOTE
r-release-macos-arm64 0.1.0 27.00 NOTE
r-release-macos-x86_64 0.1.0 38.00 NOTE
r-release-windows-x86_64 0.1.0 7.00 58.00 65.00 NOTE
r-oldrel-macos-arm64 0.1.0 29.00 NOTE
r-oldrel-macos-x86_64 0.1.0 39.00 NOTE
r-oldrel-windows-x86_64 0.1.0 9.00 69.00 78.00 NOTE

Check Details

Version: 0.1.0
Check: LazyData
Result: NOTE 'LazyData' is specified without a 'data' directory Flavors: r-patched-linux-x86_64, r-release-linux-x86_64, r-release-macos-arm64, r-release-macos-x86_64, r-release-windows-x86_64, r-oldrel-macos-arm64, r-oldrel-macos-x86_64, r-oldrel-windows-x86_64