Last updated on 2025-01-19 05:49:15 CET.
Flavor | Version | Tinstall | Tcheck | Ttotal | Status | Flags |
---|---|---|---|---|---|---|
r-devel-linux-x86_64-debian-clang | 1.4.1 | 23.84 | 220.90 | 244.74 | NOTE | |
r-devel-linux-x86_64-debian-gcc | 1.4.1 | 13.84 | 139.58 | 153.42 | NOTE | |
r-devel-linux-x86_64-fedora-clang | 1.4.1 | 428.43 | OK | |||
r-devel-linux-x86_64-fedora-gcc | 1.4.1 | 409.26 | OK | |||
r-devel-windows-x86_64 | 1.4.1 | 29.00 | 298.00 | 327.00 | NOTE | |
r-patched-linux-x86_64 | 1.4.1 | 37.15 | 204.65 | 241.80 | OK | |
r-release-linux-x86_64 | 1.4.1 | 20.12 | 205.58 | 225.70 | OK | |
r-release-macos-arm64 | 1.4.1 | 105.00 | OK | |||
r-release-macos-x86_64 | 1.4.1 | 181.00 | OK | |||
r-release-windows-x86_64 | 1.4.1 | 24.00 | 300.00 | 324.00 | OK | |
r-oldrel-macos-arm64 | 1.4.1 | 92.00 | OK | |||
r-oldrel-macos-x86_64 | 1.4.1 | 199.00 | OK | |||
r-oldrel-windows-x86_64 | 1.4.1 | 31.00 | 367.00 | 398.00 | OK |
Version: 1.4.1
Check: Rd cross-references
Result: NOTE
Found the following Rd file(s) with Rd \link{} targets missing package
anchors:
LDA.Rd: lda
img_plot.Rd: readJPEG
ldk_contour.Rd: kde2d
links_delaunay.Rd: delaunayn
plot.LDA.Rd: kde2d
plot.PCA.Rd: kde2d
reLDA.Rd: predict.lda
Please provide package anchors for all Rd \link{} targets not in the
package itself and the base packages.
Flavors: r-devel-linux-x86_64-debian-clang, r-devel-linux-x86_64-debian-gcc, r-devel-windows-x86_64