CRAN Package Check Results for Package Morpho

Last updated on 2025-01-19 05:49:15 CET.

Flavor Version Tinstall Tcheck Ttotal Status Flags
r-devel-linux-x86_64-debian-clang 2.12 177.77 159.66 337.43 NOTE
r-devel-linux-x86_64-debian-gcc 2.12 124.54 112.16 236.70 NOTE
r-devel-linux-x86_64-fedora-clang 2.12 679.45 OK
r-devel-linux-x86_64-fedora-gcc 2.12 633.59 OK
r-devel-windows-x86_64 2.12 184.00 205.00 389.00 NOTE
r-patched-linux-x86_64 2.12 182.89 150.85 333.74 OK
r-release-linux-x86_64 2.12 184.92 148.98 333.90 OK
r-release-macos-arm64 2.12 129.00 NOTE
r-release-macos-x86_64 2.12 160.00 NOTE
r-release-windows-x86_64 2.12 185.00 211.00 396.00 NOTE
r-oldrel-macos-arm64 2.12 139.00 NOTE
r-oldrel-macos-x86_64 2.12 213.00 NOTE
r-oldrel-windows-x86_64 2.12 212.00 268.00 480.00 NOTE

Check Details

Version: 2.12
Check: Rd cross-references
Result: NOTE Found the following Rd file(s) with Rd \link{} targets missing package anchors: getOuterViewpoints.Rd: vcgSphere meshDist.Rd: shade3d, material3d render.Rd: shade3d, material3d warpmovie3d.Rd: shade3d Please provide package anchors for all Rd \link{} targets not in the package itself and the base packages. Flavors: r-devel-linux-x86_64-debian-clang, r-devel-linux-x86_64-debian-gcc, r-devel-windows-x86_64

Version: 2.12
Check: installed package size
Result: NOTE installed size is 10.8Mb sub-directories of 1Mb or more: data 2.0Mb libs 7.1Mb Flavors: r-release-macos-arm64, r-release-macos-x86_64, r-release-windows-x86_64, r-oldrel-macos-arm64, r-oldrel-macos-x86_64, r-oldrel-windows-x86_64