CRAN Package Check Results for Package MtreeRing

Last updated on 2025-01-19 05:49:15 CET.

Flavor Version Tinstall Tcheck Ttotal Status Flags
r-devel-linux-x86_64-debian-clang 1.4.5 12.46 101.50 113.96 NOTE
r-devel-linux-x86_64-debian-gcc 1.4.5 9.52 73.69 83.21 NOTE
r-devel-linux-x86_64-fedora-clang 1.4.5 198.01 OK
r-devel-linux-x86_64-fedora-gcc 1.4.5 184.62 OK
r-devel-windows-x86_64 1.4.5 13.00 103.00 116.00 NOTE
r-patched-linux-x86_64 1.4.5 16.72 92.77 109.49 OK
r-release-linux-x86_64 1.4.5 11.18 92.47 103.65 OK
r-release-macos-arm64 1.4.5 50.00 OK
r-release-macos-x86_64 1.4.5 84.00 OK
r-release-windows-x86_64 1.4.5 14.00 102.00 116.00 OK
r-oldrel-macos-arm64 1.4.5 55.00 OK
r-oldrel-macos-x86_64 1.4.5 88.00 OK
r-oldrel-windows-x86_64 1.4.5 17.00 130.00 147.00 OK

Check Details

Version: 1.4.5
Check: Rd cross-references
Result: NOTE Found the following Rd file(s) with Rd \link{} targets missing package anchors: ring_detect.Rd: ringBorders, measuRing Please provide package anchors for all Rd \link{} targets not in the package itself and the base packages. Flavors: r-devel-linux-x86_64-debian-clang, r-devel-linux-x86_64-debian-gcc, r-devel-windows-x86_64