Last updated on 2025-01-19 05:49:15 CET.
Flavor | Version | Tinstall | Tcheck | Ttotal | Status | Flags |
---|---|---|---|---|---|---|
r-devel-linux-x86_64-debian-clang | 0.6.3 | 11.36 | 28.80 | 40.16 | NOTE | |
r-devel-linux-x86_64-debian-gcc | 0.6.3 | 8.44 | 22.97 | 31.41 | NOTE | |
r-devel-linux-x86_64-fedora-clang | 0.6.3 | 74.35 | NOTE | |||
r-devel-linux-x86_64-fedora-gcc | 0.6.3 | 67.06 | NOTE | |||
r-devel-windows-x86_64 | 0.6.3 | 16.00 | 70.00 | 86.00 | NOTE | |
r-patched-linux-x86_64 | 0.6.3 | 15.19 | 27.52 | 42.71 | OK | |
r-release-linux-x86_64 | 0.6.3 | 11.07 | 27.18 | 38.25 | OK | |
r-release-macos-arm64 | 0.6.3 | 27.00 | OK | |||
r-release-macos-x86_64 | 0.6.3 | 36.00 | OK | |||
r-release-windows-x86_64 | 0.6.3 | 15.00 | 71.00 | 86.00 | OK | |
r-oldrel-macos-arm64 | 0.6.3 | 31.00 | OK | |||
r-oldrel-macos-x86_64 | 0.6.3 | 37.00 | OK | |||
r-oldrel-windows-x86_64 | 0.6.3 | 17.00 | 75.00 | 92.00 | OK |
Version: 0.6.3
Check: Rd cross-references
Result: NOTE
Found the following Rd file(s) with Rd \link{} targets missing package
anchors:
Compute_Cn1n2.Rd: Rcpp
plot-MuChPoint.Rd: capushe
Please provide package anchors for all Rd \link{} targets not in the
package itself and the base packages.
Flavors: r-devel-linux-x86_64-debian-clang, r-devel-linux-x86_64-debian-gcc, r-devel-windows-x86_64
Version: 0.6.3
Check: dependencies in R code
Result: NOTE
Namespaces in Imports field not imported from:
‘Matrix’ ‘capushe’ ‘shiny’
All declared Imports should be used.
Flavors: r-devel-linux-x86_64-fedora-clang, r-devel-linux-x86_64-fedora-gcc