Last updated on 2024-04-17 13:57:35 CEST.
Flavor | Version | Tinstall | Tcheck | Ttotal | Status | Flags |
---|---|---|---|---|---|---|
r-devel-linux-x86_64-debian-clang | 1.47.5 | 19.12 | 193.29 | 212.41 | OK | |
r-devel-linux-x86_64-debian-gcc | 1.47.5 | 15.33 | 140.06 | 155.39 | OK | |
r-devel-linux-x86_64-fedora-clang | 1.47.5 | 257.85 | NOTE | |||
r-devel-linux-x86_64-fedora-gcc | 1.47.5 | 262.97 | OK | |||
r-prerel-macos-arm64 | 1.47.5 | 69.00 | OK | |||
r-prerel-windows-x86_64 | 1.47.5 | 15.00 | 154.00 | 169.00 | OK | |
r-patched-linux-x86_64 | 1.47.5 | 21.87 | 181.89 | 203.76 | OK | |
r-release-linux-x86_64 | 1.47.5 | 14.30 | 186.49 | 200.79 | OK | |
r-release-macos-arm64 | 1.47.5 | 73.00 | OK | |||
r-release-macos-x86_64 | 1.47.5 | 133.00 | OK | |||
r-release-windows-x86_64 | 1.47.5 | 21.00 | 201.00 | 222.00 | OK | |
r-oldrel-macos-arm64 | 1.47.5 | 69.00 | OK | |||
r-oldrel-windows-x86_64 | 1.47.5 | 22.00 | 202.00 | 224.00 | OK |
Version: 1.47.5
Check: Rd cross-references
Result: NOTE
Undeclared packages ‘AICcmodavg’, ‘bbmle’, ‘glmulti’, ‘arm’, ‘performance’, ‘wgeesel’, ‘ape’, ‘bestglm’, ‘leaps’, ‘glmmTMB’, ‘brglm’, ‘quantreg’, ‘maxlike’, ‘RMark’ in Rd xrefs
Flavor: r-devel-linux-x86_64-fedora-clang