CRAN Package Check Results for Package MultEq

Last updated on 2025-01-19 05:49:15 CET.

Flavor Version Tinstall Tcheck Ttotal Status Flags
r-devel-linux-x86_64-debian-clang 2.4 2.29 20.88 23.17 NOTE
r-devel-linux-x86_64-debian-gcc 2.4 1.72 16.39 18.11 NOTE
r-devel-linux-x86_64-fedora-clang 2.4 39.11 NOTE
r-devel-linux-x86_64-fedora-gcc 2.4 34.86 NOTE
r-devel-windows-x86_64 2.4 3.00 43.00 46.00 NOTE
r-patched-linux-x86_64 2.4 2.57 19.72 22.29 NOTE
r-release-linux-x86_64 2.4 2.43 19.46 21.89 NOTE
r-release-macos-arm64 2.4 14.00 NOTE
r-release-macos-x86_64 2.4 43.00 NOTE
r-release-windows-x86_64 2.4 5.00 45.00 50.00 NOTE
r-oldrel-macos-arm64 2.4 16.00 OK
r-oldrel-macos-x86_64 2.4 23.00 OK
r-oldrel-windows-x86_64 2.4 3.00 44.00 47.00 OK

Check Details

Version: 2.4
Check: Rd files
Result: NOTE checkRd: (-1) MultEq-package.Rd:26-27: Lost braces in \itemize; meant \describe ? checkRd: (-1) MultEq-package.Rd:28-29: Lost braces in \itemize; meant \describe ? checkRd: (-1) MultEq-package.Rd:30: Lost braces in \itemize; meant \describe ? Flavors: r-devel-linux-x86_64-debian-clang, r-devel-linux-x86_64-debian-gcc, r-devel-linux-x86_64-fedora-clang, r-devel-linux-x86_64-fedora-gcc, r-devel-windows-x86_64, r-patched-linux-x86_64, r-release-linux-x86_64, r-release-macos-arm64, r-release-macos-x86_64, r-release-windows-x86_64