Last updated on 2024-05-01 16:53:02 CEST.
Flavor | Version | Tinstall | Tcheck | Ttotal | Status | Flags |
---|---|---|---|---|---|---|
r-devel-linux-x86_64-debian-clang | 0.6.2 | 7.35 | 89.54 | 96.89 | OK | |
r-devel-linux-x86_64-debian-gcc | 0.6.2 | 5.27 | 64.86 | 70.13 | OK | |
r-devel-linux-x86_64-fedora-clang | 0.6.2 | 128.32 | NOTE | |||
r-devel-linux-x86_64-fedora-gcc | 0.6.2 | 131.18 | NOTE | |||
r-devel-windows-x86_64 | 0.6.2 | 7.00 | 86.00 | 93.00 | OK | |
r-patched-linux-x86_64 | 0.6.2 | 6.34 | 83.78 | 90.12 | OK | |
r-release-linux-x86_64 | 0.6.2 | 7.03 | 84.77 | 91.80 | OK | |
r-release-macos-arm64 | 0.6.2 | 40.00 | OK | |||
r-release-windows-x86_64 | 0.6.2 | 6.00 | 99.00 | 105.00 | OK | |
r-oldrel-macos-arm64 | 0.6.2 | 41.00 | OK | |||
r-oldrel-macos-x86_64 | 0.6.2 | 58.00 | OK | |||
r-oldrel-windows-x86_64 | 0.6.2 | 10.00 | 102.00 | 112.00 | OK |
Version: 0.6.2
Check: dependencies in R code
Result: NOTE
Namespaces in Imports field not imported from:
‘poweRlaw’ ‘rmutil’
All declared Imports should be used.
Flavors: r-devel-linux-x86_64-fedora-clang, r-devel-linux-x86_64-fedora-gcc