Last updated on 2025-01-19 05:49:15 CET.
Flavor | Version | Tinstall | Tcheck | Ttotal | Status | Flags |
---|---|---|---|---|---|---|
r-devel-linux-x86_64-debian-clang | 0.8.3 | 48.07 | 283.82 | 331.89 | OK | |
r-devel-linux-x86_64-debian-gcc | 0.9 | 36.52 | 205.08 | 241.60 | OK | |
r-devel-linux-x86_64-fedora-clang | 0.9 | 577.99 | OK | |||
r-devel-linux-x86_64-fedora-gcc | 0.9 | 593.04 | OK | |||
r-devel-windows-x86_64 | 0.9 | 34.00 | 394.00 | 428.00 | OK | |
r-patched-linux-x86_64 | 0.8.3 | 49.80 | 264.54 | 314.34 | OK | |
r-release-linux-x86_64 | 0.8.3 | 50.53 | 257.21 | 307.74 | OK | |
r-release-macos-arm64 | 0.8.3 | 129.00 | NOTE | |||
r-release-macos-x86_64 | 0.8.3 | 212.00 | NOTE | |||
r-release-windows-x86_64 | 0.8.3 | 51.00 | 238.00 | 289.00 | NOTE | |
r-oldrel-macos-arm64 | 0.8.3 | 137.00 | NOTE | |||
r-oldrel-macos-x86_64 | 0.8.3 | 273.00 | NOTE | |||
r-oldrel-windows-x86_64 | 0.9 | 43.00 | 505.00 | 548.00 | NOTE |
Version: 0.8.3
Check: installed package size
Result: NOTE
installed size is 7.1Mb
sub-directories of 1Mb or more:
doc 2.6Mb
help 2.2Mb
libs 2.1Mb
Flavors: r-release-macos-arm64, r-release-macos-x86_64, r-release-windows-x86_64, r-oldrel-macos-arm64, r-oldrel-macos-x86_64
Version: 0.9
Check: installed package size
Result: NOTE
installed size is 6.4Mb
sub-directories of 1Mb or more:
doc 2.3Mb
help 2.0Mb
libs 1.1Mb
Flavor: r-oldrel-windows-x86_64