Last updated on 2025-01-19 05:49:15 CET.
Flavor | Version | Tinstall | Tcheck | Ttotal | Status | Flags |
---|---|---|---|---|---|---|
r-devel-linux-x86_64-debian-clang | 0.5.0 | 12.84 | 189.14 | 201.98 | NOTE | |
r-devel-linux-x86_64-debian-gcc | 0.5.0 | 9.04 | 136.33 | 145.37 | NOTE | |
r-devel-linux-x86_64-fedora-clang | 0.5.0 | 345.12 | OK | |||
r-devel-linux-x86_64-fedora-gcc | 0.5.0 | 323.95 | OK | |||
r-devel-windows-x86_64 | 0.5.0 | 14.00 | 195.00 | 209.00 | NOTE | |
r-patched-linux-x86_64 | 0.5.0 | 20.48 | 176.92 | 197.40 | OK | |
r-release-linux-x86_64 | 0.5.0 | 12.39 | 176.39 | 188.78 | OK | |
r-release-macos-arm64 | 0.5.0 | 78.00 | OK | |||
r-release-macos-x86_64 | 0.5.0 | 131.00 | OK | |||
r-release-windows-x86_64 | 0.5.0 | 15.00 | 185.00 | 200.00 | OK | |
r-oldrel-macos-arm64 | 0.5.0 | 89.00 | OK | |||
r-oldrel-macos-x86_64 | 0.5.0 | 149.00 | OK | |||
r-oldrel-windows-x86_64 | 0.5.0 | 18.00 | 230.00 | 248.00 | OK |
Version: 0.5.0
Check: Rd cross-references
Result: NOTE
Found the following Rd file(s) with Rd \link{} targets missing package
anchors:
ComponentesPrincipais.Misto.Rd: PCAmix
Please provide package anchors for all Rd \link{} targets not in the
package itself and the base packages.
Flavors: r-devel-linux-x86_64-debian-clang, r-devel-linux-x86_64-debian-gcc, r-devel-windows-x86_64