Last updated on 2025-01-19 05:49:15 CET.
Flavor | Version | Tinstall | Tcheck | Ttotal | Status | Flags |
---|---|---|---|---|---|---|
r-devel-linux-x86_64-debian-clang | 0.1.0 | 6.55 | 53.06 | 59.61 | OK | |
r-devel-linux-x86_64-debian-gcc | 0.1.0 | 5.17 | 39.91 | 45.08 | OK | |
r-devel-linux-x86_64-fedora-clang | 0.1.0 | 101.01 | OK | |||
r-devel-linux-x86_64-fedora-gcc | 0.1.0 | 91.17 | OK | |||
r-devel-windows-x86_64 | 0.1.0 | 10.00 | 65.00 | 75.00 | OK | |
r-patched-linux-x86_64 | 0.1.0 | 5.64 | 49.95 | 55.59 | NOTE | |
r-release-linux-x86_64 | 0.1.0 | 6.37 | 50.41 | 56.78 | NOTE | |
r-release-macos-arm64 | 0.1.0 | 30.00 | NOTE | |||
r-release-macos-x86_64 | 0.1.0 | 42.00 | NOTE | |||
r-release-windows-x86_64 | 0.1.0 | 9.00 | 66.00 | 75.00 | NOTE | |
r-oldrel-macos-arm64 | 0.1.0 | 34.00 | NOTE | |||
r-oldrel-macos-x86_64 | 0.1.0 | 49.00 | NOTE | |||
r-oldrel-windows-x86_64 | 0.1.0 | 10.00 | 82.00 | 92.00 | NOTE |
Version: 0.1.0
Check: LazyData
Result: NOTE
'LazyData' is specified without a 'data' directory
Flavors: r-patched-linux-x86_64, r-release-linux-x86_64, r-release-macos-arm64, r-release-macos-x86_64, r-release-windows-x86_64, r-oldrel-macos-arm64, r-oldrel-macos-x86_64, r-oldrel-windows-x86_64