CRAN Package Check Results for Package N2R

Last updated on 2025-01-19 05:49:15 CET.

Flavor Version Tinstall Tcheck Ttotal Status Flags
r-devel-linux-x86_64-debian-clang 1.0.3 62.39 54.09 116.48 OK
r-devel-linux-x86_64-debian-gcc 1.0.3 48.89 40.50 89.39 OK
r-devel-windows-x86_64 1.0.3 75.00 91.00 166.00 OK
r-patched-linux-x86_64 1.0.3 64.08 51.34 115.42 OK
r-release-linux-x86_64 1.0.3 62.68 50.82 113.50 OK
r-release-macos-arm64 1.0.3 49.00 NOTE
r-release-macos-x86_64 1.0.3 75.00 NOTE
r-release-windows-x86_64 1.0.3 75.00 88.00 163.00 OK
r-oldrel-macos-arm64 1.0.3 54.00 NOTE
r-oldrel-macos-x86_64 1.0.3 96.00 NOTE
r-oldrel-windows-x86_64 1.0.3 89.00 109.00 198.00 OK

Check Details

Version: 1.0.3
Check: installed package size
Result: NOTE installed size is 5.7Mb sub-directories of 1Mb or more: libs 5.6Mb Flavors: r-release-macos-arm64, r-release-macos-x86_64, r-oldrel-macos-arm64, r-oldrel-macos-x86_64