CRAN Package Check Results for Package NADA2

Last updated on 2025-01-19 05:49:15 CET.

Flavor Version Tinstall Tcheck Ttotal Status Flags
r-devel-linux-x86_64-debian-clang 1.1.8 16.25 442.48 458.73 OK
r-devel-linux-x86_64-debian-gcc 1.1.8 10.19 325.99 336.18 OK
r-devel-linux-x86_64-fedora-clang 1.1.8 778.76 NOTE
r-devel-linux-x86_64-fedora-gcc 1.1.8 852.46 NOTE
r-devel-windows-x86_64 1.1.8 19.00 425.00 444.00 OK
r-patched-linux-x86_64 1.1.8 16.71 473.78 490.49 OK
r-release-linux-x86_64 1.1.8 15.35 470.03 485.38 OK
r-release-macos-arm64 1.1.8 141.00 OK
r-release-macos-x86_64 1.1.8 267.00 OK
r-release-windows-x86_64 1.1.8 19.00 433.00 452.00 OK
r-oldrel-macos-arm64 1.1.8 431.00 OK
r-oldrel-macos-x86_64 1.1.8 574.00 OK
r-oldrel-windows-x86_64 1.1.8 23.00 576.00 599.00 OK

Check Details

Version: 1.1.8
Check: dependencies in R code
Result: NOTE Namespaces in Imports field not imported from: ‘Kendall’ ‘perm’ All declared Imports should be used. Flavors: r-devel-linux-x86_64-fedora-clang, r-devel-linux-x86_64-fedora-gcc