Last updated on 2025-01-19 05:49:15 CET.
Flavor | Version | Tinstall | Tcheck | Ttotal | Status | Flags |
---|---|---|---|---|---|---|
r-devel-linux-x86_64-debian-clang | 1.0.1 | 7.13 | 49.46 | 56.59 | OK | |
r-devel-linux-x86_64-debian-gcc | 1.0.1 | 4.96 | 35.69 | 40.65 | OK | |
r-devel-linux-x86_64-fedora-clang | 1.0.1 | 96.57 | OK | |||
r-devel-linux-x86_64-fedora-gcc | 1.0.1 | 87.90 | OK | |||
r-devel-windows-x86_64 | 1.0.1 | 9.00 | 76.00 | 85.00 | OK | |
r-patched-linux-x86_64 | 1.0.1 | 7.32 | 46.27 | 53.59 | OK | |
r-release-linux-x86_64 | 1.0.1 | 7.05 | 46.39 | 53.44 | OK | |
r-release-macos-arm64 | 1.0.1 | 29.00 | OK | |||
r-release-macos-x86_64 | 1.0.1 | 52.00 | OK | |||
r-release-windows-x86_64 | 1.0.1 | 11.00 | 72.00 | 83.00 | OK | |
r-oldrel-macos-arm64 | 1.0.1 | 37.00 | NOTE | |||
r-oldrel-macos-x86_64 | 1.0.1 | 47.00 | NOTE | |||
r-oldrel-windows-x86_64 | 1.0.1 | 12.00 | 83.00 | 95.00 | OK |
Version: 1.0.1
Check: package dependencies
Result: NOTE
Package suggested but not available for checking: ‘sSeq’
Flavors: r-oldrel-macos-arm64, r-oldrel-macos-x86_64
Version: 1.0.1
Check: Rd cross-references
Result: NOTE
Package unavailable to check Rd xrefs: ‘sSeq’
Flavors: r-oldrel-macos-arm64, r-oldrel-macos-x86_64